of m?
2, 73
Let w(j) = -2*j - 19. Let m be w(-11). Suppose m*t = -0*t. Suppose t = 5*p - 173 - 7. What are the prime factors of p?
2, 3
Let z(l) = 3*l**3 + 6*l**2 + 10*l + 10. What are the prime factors of z(4)?
2, 13
Let l(j) = -j**2 - 160*j - 59. What are the prime factors of l(-25)?
2, 829
List the prime factors of (7/(84/(-702)))/(6/(-8)).
2, 3, 13
Let s(n) = 16*n**3 - 4*n**2 - 6*n + 21. List the prime factors of s(5).
31, 61
What are the prime factors of ((-188)/18)/((-2)/3)*3?
47
Suppose 475 = h - 5*j, 0 = h + j - 73 - 408. What are the prime factors of h?
2, 3, 5
Let w(p) = p**3 - 4*p**2 - 4*p + 2. Let x be w(5). Suppose 3*i + 128 = x*i. What are the prime factors of i?
2
Suppose -2*s + 5618 = 4*b, 0 = -s - 2*s - 3. What are the prime factors of b?
5, 281
Suppose -k - 2*t = -0*k - 498, 0 = 5*k - 3*t - 2477. List the prime factors of k.
2, 31
Let l be (-1 - -2)*(-1 - -12). Suppose 0 = -5*y + 31 - l. List the prime factors of y*((-21)/(-2) - -4).
2, 29
Let y = -51 - 25. List the prime factors of (-8)/10 - y/20.
3
What are the prime factors of (972 + 6 - -5)/1?
983
Suppose -4*r + 2*n + n + 45 = 0, 0 = r + n - 6. Let i(o) = 5*o + 10. What are the prime factors of i(r)?
5, 11
Let k(i) = i**2 + 11*i - 607. List the prime factors of k(27).
419
Let q(u) = 108*u**2 + 9*u + 39. List the prime factors of q(-4).
3, 577
Let q be 4/3 + (-3 - (-55)/15). What are the prime factors of (-1 + -218)*(-1)/6*q?
73
Let y(p) = p**2 + 1. Let k be y(-1). Suppose k*q - q - 3*h - 49 = 0, 0 = 5*h + 20. List the prime factors of q.
37
Let x(i) be the second derivative of i**4/12 - 2*i**3/3 - 13*i**2/2 + 14*i. What are the prime factors of x(8)?
19
Suppose 0*g + 2*g - 3251 = -3*t, g - 1621 = 3*t. List the prime factors of g.
2, 7, 29
Let i(c) = c + 7. Let q = -1 - -4. Let u be i(q). Suppose u + 16 = b. What are the prime factors of b?
2, 13
Let c(o) = -o - 2. Let t(b) = -b - 2. Let l(f) = -4*c(f) + 3*t(f). Let v be l(-5). List the prime factors of (-126)/v*(-6)/(-9).
2, 7
Let p be (6/(-2) - 0)*-1. Suppose -u - p = -5*v, 4*v - u = -4*u - 9. Suppose l - 6 = -d + 18, 3*l - 9 = v. What are the prime factors of d?
3, 7
Let d be -1 - 72/(-3 + 0). Let p = 20 - d. What are the prime factors of 93/6 + p/(-6)?
2
Let o = -23 - -25. Suppose 0 = 2*v - 4*b + o, 0 = -4*v + 2*b - 7*b + 61. Let w(k) = k**2 - 5*k + 3. List the prime factors of w(v).
3, 13
Let l(t) = -114*t + 927. List the prime factors of l(-15).
3, 293
Let q(g) = -5*g - 2. Let x be q(5). Let r = 36 + -34. Let f = r - x. What are the prime factors of f?
29
Let z be (66/8)/((-3)/12). Let m be 44/z*(-6)/(-4). List the prime factors of (1*m)/((-26)/481).
37
Suppose -2*m = -2*q + 732, 8*q - 1814 = 3*q + m. What are the prime factors of q?
2, 181
List the prime factors of (-3)/(-2) + 1419/2.
3, 79
Suppose 19*a - 13*a - 84 = 0. What are the prime factors of (-8312)/(-56) - 6/a?
2, 37
Suppose 132888 = 52*b - 30548. What are the prime factors of b?
7, 449
Let w(l) = -l**2 - 6*l - 3. Let q be w(-4). Suppose -5*a - q = -25. Suppose 0 = 5*r - 5*u - 55, a*u - 34 = -2*r + 2*u. What are the prime factors of r?
2, 7
Let u(f) = -2*f**2 - 8*f + 12. Let k be u(-5). Suppose -k*q + 6*q - 154 = -2*h, -q - 3 = 0. List the prime factors of h.
83
Suppose -2*r + 3*r = 1006. List the prime factors of r.
2, 503
Suppose -3*j + 6 + 3 = 0. Let v = 308 + -302. Suppose -j = 5*m - v*m. List the prime factors of m.
3
Let j(b) = 34*b - 56. Let a be j(12). List the prime factors of ((a/(-12))/(-11))/(1/36).
2, 3
Suppose -2*t + 5*t - 2007 = 0. List the prime factors of t.
3, 223
Let u be ((-8)/(-10))/(6/2340). Suppose d = a - 2*a + 60, 5*d - u = a. What are the prime factors of d?
2, 31
Let a = -60 + 107. Let y be a + 3/(0 - -3). Suppose y = 5*s - s. List the prime factors of s.
2, 3
Suppose 2*p - 12 = -2*p. Let s(o) = -o - 3. Let y be s(-12). Let q = y + p. What are the prime factors of q?
2, 3
List the prime factors of 720 + (92/69 - 20/6).
2, 359
Let w be (-962)/39 + (-1)/3. Suppose 5*i = -2*j - 103, -5*i + 3*j = -0*j + 83. Let q = i - w. What are the prime factors of q?
2, 3
List the prime factors of (5/3)/((-19)/(-23883)).
5, 419
Let b = 52 - 52. Suppose b = -2*w - 0*f + 3*f + 141, 5*w - 362 = -2*f. What are the prime factors of w?
2, 3
Let o be 512/12 - (-4)/(-6). Let c = -7 + o. Let f = c - 14. What are the prime factors of f?
3, 7
Let p = 691 - 297. List the prime factors of p.
2, 197
Suppose -3*w - w = -8. Suppose 2*y = -w*r + 56, 0*r + r = 3*y + 20. What are the prime factors of r?
2, 13
Suppose -2*f - n = -315, -n = 5*f - 858 + 78. List the prime factors of f.
5, 31
Let l be (14/(-4))/((-11)/66). What are the prime factors of (-978)/(-21) - (-9)/l?
47
Let o = -1612 - -1135. Let w = -215 - o. List the prime factors of w.
2, 131
Let l = -139 - -309. Let h = -93 + l. What are the prime factors of h?
7, 11
Suppose -x = -5*x - 3*i + 18215, -5*i = 4*x - 18217. What are the prime factors of x?
29, 157
What are the prime factors of 12 + -15 - -16*22?
349
Let z = -6 - -22. Let d = z - 5. List the prime factors of -2 + d + (2 - 4).
7
Let b be 4*(3 + (-39)/4). Let f = b + 14. Let z = f + 25. What are the prime factors of z?
2, 3
Suppose 4*v = -2 + 22. Suppose 0 = 3*d + 3*c - 18, v*d - c - 22 = 2. Suppose 88 = -t + d*t. List the prime factors of t.
2, 11
Let s = 64 + -58. Let q(x) = -11*x - 1. Let h be q(-1). List the prime factors of ((-195)/h)/(s/(-4)).
13
Let s(q) = -55*q. List the prime factors of s(-5).
5, 11
Let p(m) = 5*m**2 - 22*m + 7. What are the prime factors of p(9)?
2, 107
Suppose 0 = -32*k + 10020 - 36. What are the prime factors of k?
2, 3, 13
Suppose 0 = 22*t - 19*t - 90. List the prime factors of t/7 + 4/70*-5.
2
Suppose -5*b + 3 = -12. Let m be 0 - (1 + -2)*9. Let c = m + b. What are the prime factors of c?
2, 3
Let k(l) = -l**3 - 4*l**2 + l + 2. Let g be k(-4). List the prime factors of 70 - (g + (4 - 1)).
3, 23
Let g = 38 - 5. Suppose 0 = -g*a + 28*a + 115. What are the prime factors of a?
23
Suppose 2*p = 9*p - 3353. What are the prime factors of p?
479
Suppose 5*h - 2460 = -5*t, 3*h + 2*h + 2470 = 5*t. List the prime factors of t.
17, 29
Let i(g) = 6*g**2 - 4*g - 4. Let d be i(4). Suppose -2*f - 12 = -d. Suppose 4*o - f = 8. List the prime factors of o.
2, 5
Suppose 4*r - 16 = -2*v, 0 = r - 3*v - 2*v + 18. Suppose 3*h + r = -40. Let w = h + 40. List the prime factors of w.
2, 13
Let m(q) = -37*q - 24. Let g(x) = -x**3 + 20*x**2 - x + 11. Let f be g(20). List the prime factors of m(f).
3, 103
Let m(q) = 57*q**2 - 5*q + 6. Let i be m(3). Suppose f + 5*f - i = 0. What are the prime factors of f?
2, 3, 7
Let s = 127 - -630. List the prime factors of s.
757
Let v be ((-6)/(-5))/(54/(-30) - -2). Suppose 240 = v*m - 2*m. List the prime factors of m.
2, 3, 5
Let y be (6/(-18))/(2/(-42)). Suppose y*w - 750 = -64. List the prime factors of w.
2, 7
Let k = -118 - -428. Let c = -113 + 203. Suppose 8*v - c = k. List the prime factors of v.
2, 5
Suppose -896 - 372 = -5*k + 2*d, 5*k - 1244 = -4*d. List the prime factors of k.
2, 3, 7
Suppose 4*l - 2454 = 2*q, -4*q = -5*l - 2*q + 3070. Suppose -5*r = -l + 146. What are the prime factors of r?
2, 47
Suppose 0 = 2*r - 5 - 11. List the prime factors of -4 - (-68 + r + -4).
2, 3, 5
Let w(a) = 1491*a**2 + 18*a + 18. List the prime factors of w(-1).
3, 7, 71
Suppose -a = -3*s - 3*a + 129, a = -3*s + 126. Suppose s*n = 36*n + 200. What are the prime factors of 6/(-10) - (-984)/n?
2, 3
Let a be (-1505)/(-14)*(48/(-5))/3. Let f = -100 - a. List the prime factors of f.
2, 61
Suppose 1611 = w - 3*t, -3*w - t = -0*t - 4813. What are the prime factors of w?
3, 5, 107
Let t(o) = o**2 + 5*o + 1. Let n be t(-7). Suppose w + 5*p = -3*w + 227, -n = -5*p. List the prime factors of w.
53
Let y be (4 + 44/(-12))/(2/138). Suppose -19*w - 216 = -y*w. List the prime factors of w.
2, 3
Suppose -460 = 3*r - 8*r. Suppose 5*t - r = 4*t. What are the prime factors of t?
2, 23
Suppose -2*k - 5*g = -g + 2, g = -2*k - 11. List the prime factors of (-11848)/(-56) + 4/k.
211
Let t be (-27)/(-3) + 0/(-4). Suppose t*v - 4*v + 4*o = 2108, -2*v + 857 = -3*o. Suppose -5*g - 114 = -v. What are the prime factors of g?
2, 31
Let f(k) = 133*k + 203. What are the prime factors of f(6)?
7, 11, 13
Suppose -4*n = -n - 5*a + 813, 4*n = 4*a -